ions digit of 9462054?
9
What is the hundred thousands digit of 3295306?
2
What is the hundreds digit of 2817593?
5
What is the hundreds digit of 119086?
0
What is the units digit of 14599952?
2
What is the hundreds digit of 6640810?
8
What is the thousands digit of 186414?
6
What is the ten thousands digit of 3914521?
1
What is the units digit of 3897427?
7
What is the units digit of 198570?
0
What is the hundreds digit of 5562177?
1
What is the hundred thousands digit of 13808274?
8
What is the ten thousands digit of 527063?
2
What is the ten thousands digit of 765038?
6
What is the thousands digit of 2182227?
2
What is the millions digit of 11945663?
1
What is the tens digit of 6870727?
2
What is the millions digit of 2110065?
2
What is the units digit of 2543346?
6
What is the units digit of 10126335?
5
What is the units digit of 3849058?
8
What is the millions digit of 5857690?
5
What is the hundred thousands digit of 376212?
3
What is the millions digit of 1123900?
1
What is the hundred thousands digit of 4852962?
8
What is the units digit of 1384570?
0
What is the millions digit of 21790264?
1
What is the thousands digit of 3774418?
4
What is the ten millions digit of 25397198?
2
What is the units digit of 1274567?
7
What is the tens digit of 122119?
1
What is the tens digit of 155077?
7
What is the hundred thousands digit of 594037?
5
What is the units digit of 1052954?
4
What is the thousands digit of 2408742?
8
What is the millions digit of 3783440?
3
What is the hundred thousands digit of 147735?
1
What is the hundred thousands digit of 164924?
1
What is the ten thousands digit of 921245?
2
What is the thousands digit of 1823665?
3
What is the ten thousands digit of 450252?
5
What is the hundreds digit of 1808928?
9
What is the ten thousands digit of 9875287?
7
What is the units digit of 7686621?
1
What is the hundred thousands digit of 20011919?
0
What is the hundreds digit of 420657?
6
What is the hundred thousands digit of 201040?
2
What is the hundreds digit of 1045741?
7
What is the hundreds digit of 50207?
2
What is the hundreds digit of 172724?
7
What is the hundred thousands digit of 6392453?
3
What is the hundreds digit of 337946?
9
What is the units digit of 27973?
3
What is the ten thousands digit of 759815?
5
What is the hundred thousands digit of 14539004?
5
What is the hundreds digit of 8288355?
3
What is the tens digit of 1771471?
7
What is the ten thousands digit of 1411334?
1
What is the ten millions digit of 13498501?
1
What is the thousands digit of 5053018?
3
What is the hundreds digit of 2405402?
4
What is the hundreds digit of 24044?
0
What is the tens digit of 9381777?
7
What is the hundred thousands digit of 789328?
7
What is the millions digit of 4034485?
4
What is the units digit of 638543?
3
What is the hundred thousands digit of 2863299?
8
What is the hundred thousands digit of 609016?
6
What is the hundreds digit of 975242?
2
What is the ten thousands digit of 7545578?
4
What is the hundred thousands digit of 5711679?
7
What is the ten thousands digit of 2997810?
9
What is the thousands digit of 279191?
9
What is the ten thousands digit of 1714049?
1
What is the units digit of 230438?
8
What is the tens digit of 251538?
3
What is the hundreds digit of 3813313?
3
What is the units digit of 1257795?
5
What is the tens digit of 6314903?
0
What is the hundreds digit of 12850397?
3
What is the ten thousands digit of 846685?
4
What is the thousands digit of 180364?
0
What is the millions digit of 1806890?
1
What is the hundred thousands digit of 31731039?
7
What is the units digit of 3287039?
9
What is the millions digit of 13311467?
3
What is the tens digit of 225269?
6
What is the hundreds digit of 1241496?
4
What is the tens digit of 184273?
7
What is the units digit of 1378120?
0
What is the thousands digit of 1514143?
4
What is the ten thousands digit of 120497?
2
What is the ten thousands digit of 677244?
7
What is the hundreds digit of 176450?
4
What is the hundreds digit of 76886?
8
What is the millions digit of 25543209?
5
What is the thousands digit of 46823?
6
What is the ten thousands digit of 315875?
1
What is the thousands digit of 317222?
7
What is the units digit of 8641547?
7
What is the tens digit of 5986028?
2
What is the hundreds digit of 443797?
7
What is the thousands digit of 397622?
7
What is the units digit of 584203?
3
What is the ten thousands digit of 445464?
4
What is the thousands digit of 3944769?
4
What is the thousands digit of 269999?
9
What is the thousands digit of 30007832?
7
What is the units digit of 5459722?
2
What is the thousands digit of 359665?
9
What is the thousands digit of 30525?
0
What is the ten millions digit of 10778546?
1
What is the hundreds digit of 599026?
0
What is the hundred thousands digit of 29370230?
3
What is the ten thousands digit of 62894?
6
What is the ten thousands digit of 8270303?
7
What is the units digit of 4816402?
2
What is the hundred thousands digit of 883867?
8
What is the hundred thousands digit of 20340030?
3
What is the tens digit of 2669013?
1
What is the thousands digit of 731141?
1
What is the ten thousands digit of 355289?
5
What is the thousands digit of 81610?
1
What is the hundred thousands digit of 7345512?
3
What is the hundreds digit of 460778?
7
What is the hundred thousands digit of 195922?
1
What is the hundred thousands digit of 1173853?
1
What is the hundreds digit of 107699?
6
What is the thousands digit of 85442?
5
What is the thousands digit of 39417?
9
What is the hundreds digit of 2495856?
8
What is the millions digit of 27623138?
7
What is the tens digit of 883525?
2
What is the thousands digit of 1783188?
3
What is the millions digit of 1597220?
1
What is the hundred thousands digit of 215527?
2
What is the millions digit of 6367263?
6
What is the tens digit of 8241641?
4
What is the units digit of 856623?
3
What is the ten thousands digit of 6582223?
8
What is the thousands digit of 2138333?
8
What is the hundreds digit of 936961?
9
What is the tens digit of 304755?
5
What is the hundred thousands digit of 1098297?
0
What is the units digit of 180516?
6
What is the thousands digit of 2059072?
9
What is the hundreds digit of 869721?
7
What is the tens digit of 10039878?
7
What is the hundreds digit of 694941?
9
What is the tens digit of 9372606?
0
What is the hundreds digit of 9802?
8
What is the ten thousands digit of 14392178?
9
What is the thousands digit of 8819821?
9
What is the ten millions digit of 29947438?
2
What is the hundred thousands digit of 634259?
6
What is the tens digit of 1565068?
6
What is the thousands digit of 739021?
9
What is the ten thousands digit of 23585?
2
What is the ten thousands digit of 136253?
3
What is the units digit of 5231146?
6
What is the hundreds digit of 14088854?
8
What is the units digit of 1030804?
4
What is the millions digit of 41670421?
1
What is the hundred thousands digit of 314676?
3
What is the hundred thousands digit of 4631365?
6
What is the units digit of 19427102?
2
What is the tens digit of 11997692?
9
What is the hundreds digit of 507735?
7
What is the ten thousands digit of 430288?
3
What is the hundreds digit of 308521?
5
What is the units digit of 383776?
6
What is the tens digit of 133304?
0
What is the thousands digit of 50032?
0
What is the thousands digit of 32275566?
5
What is the thousands digit of 2588424?
8
What is the ten thousands digit of 3640568?
4
What is the thousands digit of 6287774?
7
What is the hundred thousands digit of 1573734?
5
What is the hundred thousands digit of 322503?
3
What is the units digit of 5800241?
1
What is the hundred thousands digit of 629014?
6
What is the millions digit of 11229255?
1
What is the hundred thousands digit of 190315?
1
What is the hundreds digit of 1431972?
9
What is the hundred thousands digit of 534820?
5
What is the hundreds digit of 650817?
8
What is the hundred thousands digit of 585583?
5
What is the thousands digit of 505254?
5
What is the ten thousands digit of 323919?
2
What is the tens digit of 84921?
2
What is the thousands digit of 73659?
3
What is the thousands digit of 685628?
5
What is the thousands digit of 6984072?
4
What is the tens digit of 3713808?
0
What is the hundred t